{"id":8,"date":"2023-03-20T19:23:59","date_gmt":"2023-03-20T19:23:59","guid":{"rendered":"https:\/\/www.softmip.pt\/?page_id=8"},"modified":"2025-01-06T10:49:00","modified_gmt":"2025-01-06T10:49:00","slug":"8-2","status":"publish","type":"page","link":"https:\/\/www.softmip.pt\/","title":{"rendered":"\u200e\u200e\u200e\u200e\u200e\u200e\u200e\u200e\u200e\u200e\u200e\u200e\u200e\u200e\u200e\u200e\u200e\u200e\u200e\u200e\u200e\u200e\u200e"},"content":{"rendered":"\n<div class=\"wp-block-columns alignwide has-background is-layout-flex wp-container-core-columns-is-layout-28f84493 wp-block-columns-is-layout-flex\" style=\"background-color:#cbccca00\">\n<div class=\"wp-block-column has-background is-layout-flow wp-block-column-is-layout-flow\" style=\"background-color:#cbccca00;flex-basis:20%\"><\/div>\n\n\n\n<div class=\"wp-block-column has-background is-layout-flow wp-block-column-is-layout-flow\" style=\"background-color:#cbccca00;flex-basis:80%\">\n<div class=\"wp-block-buttons is-content-justification-right is-layout-flex wp-container-core-buttons-is-layout-d445cf74 wp-block-buttons-is-layout-flex\">\n<div class=\"wp-block-button\"><a class=\"wp-block-button__link has-base-color has-text-color has-background wp-element-button\" href=\"https:\/\/www2.softmip.pt\/rustdesk\/32bit\/rustdesk-host=remote.softmip.pt,key=iVntJ6+zifTMilKLL62KWL7yZ3DKA7M+fCumQ1zlK98.exe\" style=\"background-color:#ff0000\" target=\"_blank\" rel=\"noreferrer noopener\">Apoio Remoto 32bits<\/a><\/div>\n\n\n\n<div class=\"wp-block-button\"><a class=\"wp-block-button__link has-base-color has-text-color has-background wp-element-button\" href=\"https:\/\/www2.softmip.pt\/rustdesk\/64bit\/rustdesk-host=remote.softmip.pt,key=iVntJ6+zifTMilKLL62KWL7yZ3DKA7M+fCumQ1zlK98.exe\" style=\"background-color:#ff0000\">Apoio Remoto<\/a><\/div>\n<\/div>\n\n\n\n<div class=\"wp-block-buttons is-layout-flex wp-block-buttons-is-layout-flex\"><\/div>\n<\/div>\n<\/div>\n\n\n\n<div class=\"wp-block-cover alignwide has-small-font-size\" style=\"padding-top:var(--wp--preset--spacing--30);padding-right:var(--wp--preset--spacing--30);padding-bottom:var(--wp--preset--spacing--30);padding-left:var(--wp--preset--spacing--30);min-height:376px;aspect-ratio:unset;\"><span aria-hidden=\"true\" class=\"wp-block-cover__background has-background-dim\"><\/span><img loading=\"lazy\" decoding=\"async\" width=\"2560\" height=\"896\" class=\"wp-block-cover__image-background wp-image-46\" alt=\"\" src=\"https:\/\/www.softmip.pt\/wp-content\/uploads\/2023\/03\/pexels-manuel-geissinger-325229-scaled.jpg\" style=\"object-position:50% 50%\" data-object-fit=\"cover\" data-object-position=\"50% 50%\" srcset=\"https:\/\/www.softmip.pt\/wp-content\/uploads\/2023\/03\/pexels-manuel-geissinger-325229-scaled.jpg 2560w, https:\/\/www.softmip.pt\/wp-content\/uploads\/2023\/03\/pexels-manuel-geissinger-325229-300x105.jpg 300w, https:\/\/www.softmip.pt\/wp-content\/uploads\/2023\/03\/pexels-manuel-geissinger-325229-1024x358.jpg 1024w, https:\/\/www.softmip.pt\/wp-content\/uploads\/2023\/03\/pexels-manuel-geissinger-325229-768x269.jpg 768w, https:\/\/www.softmip.pt\/wp-content\/uploads\/2023\/03\/pexels-manuel-geissinger-325229-1536x538.jpg 1536w, https:\/\/www.softmip.pt\/wp-content\/uploads\/2023\/03\/pexels-manuel-geissinger-325229-2048x717.jpg 2048w\" sizes=\"auto, (max-width: 2560px) 100vw, 2560px\" \/><div class=\"wp-block-cover__inner-container is-layout-flow wp-block-cover-is-layout-flow\">\n<p>\u200e\u200e\u200e\u200e<\/p>\n\n\n\n<p>\u200e\u200e\u200e\u200e<\/p>\n\n\n\n<p>\u200e\u200e\u200e\u200e<\/p>\n<\/div><\/div>\n\n\n\n<div class=\"wp-block-columns alignwide has-medium-font-size is-layout-flex wp-container-core-columns-is-layout-944700c3 wp-block-columns-is-layout-flex\" style=\"margin-top:var(--wp--preset--spacing--40);margin-bottom:var(--wp--preset--spacing--40);padding-top:0;padding-right:0;padding-bottom:0;padding-left:0\">\n<div class=\"wp-block-column is-vertically-aligned-top has-large-font-size is-layout-flow wp-block-column-is-layout-flow\" style=\"padding-top:var(--wp--preset--spacing--30);padding-right:var(--wp--preset--spacing--30);padding-bottom:var(--wp--preset--spacing--30);padding-left:var(--wp--preset--spacing--30);flex-basis:64%\">\n<p style=\"font-size:clamp(0.875rem, 0.875rem + ((1vw - 0.2rem) * 0.682), 1.25rem);\">Softmip Lda, \u00e9 uma empresa fundada em 1993 que conta j\u00e1 com uma larga experi\u00eancia na \u00e1rea da consultadoria e comercializa\u00e7\u00e3o de sistemas inform\u00e1ticos. Desde sempre, o seu <em>core business<\/em> tem estado centrado na presta\u00e7\u00e3o de servi\u00e7os inform\u00e1ticos a institui\u00e7\u00f5es de ensino. <br><br>Conhecedora da realidade das Escolas em termos de recursos e necessidades, oferece um conjunto de solu\u00e7\u00f5es modelares de consultoria, configura\u00e7\u00e3o, administra\u00e7\u00e3o de servi\u00e7os inform\u00e1ticos, e gest\u00e3o de servidores\/redes Linux, baseadas em software livre, bem como na sua interliga\u00e7\u00e3o com redes Microsoft Windows, compat\u00edveis e integradas no Plano Tecnol\u00f3gico.<\/p>\n<\/div>\n\n\n\n<div class=\"wp-block-column has-large-font-size is-layout-flow wp-block-column-is-layout-flow\" style=\"padding-top:var(--wp--preset--spacing--30);padding-right:var(--wp--preset--spacing--30);padding-bottom:var(--wp--preset--spacing--30);padding-left:var(--wp--preset--spacing--60);flex-basis:46%\">\n<figure class=\"wp-block-image size-full is-resized\"><a href=\"https:\/\/ticket.softmip.pt\"><img loading=\"lazy\" decoding=\"async\" width=\"150\" height=\"150\" src=\"https:\/\/www.softmip.pt\/wp-content\/uploads\/2023\/03\/softmip_150.png\" alt=\"\" class=\"wp-image-27\" style=\"width:135px;height:auto\"\/><\/a><\/figure>\n\n\n\n<p class=\"has-text-align-left\" style=\"margin-top:0px;margin-right:0;margin-left:0;font-size:clamp(0.875rem, 0.875rem + ((1vw - 0.2rem) * 0.773), 1.3rem);\">Apartado 1004 EC Olivais de St\u00ba Ant\u00f3nio <br>8101-904 Loul\u00e9<\/p>\n\n\n\n<p class=\"has-text-align-left\" style=\"margin-top:0px;margin-right:0;margin-left:0;font-size:clamp(0.875rem, 0.875rem + ((1vw - 0.2rem) * 0.773), 1.3rem);\">(+351) 92 526 00 65<font size=\"2\"> (chamada para rede m\u00f3vel nacional)<\/font><\/p>\n\n\n\n<p class=\"has-text-align-left\" style=\"margin-top:10px;margin-right:0;margin-left:0;font-size:clamp(0.875rem, 0.875rem + ((1vw - 0.2rem) * 0.773), 1.3rem);\">softmip@gmail.com<\/p>\n\n\n\n<figure class=\"wp-block-image size-full is-resized\"><a href=\"https:\/\/www.livroreclamacoes.pt\/\" target=\"_blank\" rel=\"noreferrer noopener\"><img loading=\"lazy\" decoding=\"async\" width=\"500\" height=\"207\" src=\"https:\/\/www.softmip.pt\/wp-content\/uploads\/2024\/03\/livro_reclamacoes-500x-207.png\" alt=\"\" class=\"wp-image-123\" style=\"width:208px;height:auto\" srcset=\"https:\/\/www.softmip.pt\/wp-content\/uploads\/2024\/03\/livro_reclamacoes-500x-207.png 500w, https:\/\/www.softmip.pt\/wp-content\/uploads\/2024\/03\/livro_reclamacoes-500x-207-300x124.png 300w\" sizes=\"auto, (max-width: 500px) 100vw, 500px\" \/><\/a><\/figure>\n<\/div>\n<\/div>\n","protected":false},"excerpt":{"rendered":"<p>Softmip Lda, \u00e9 uma empresa fundada em 1993 que conta j\u00e1 com uma larga experi\u00eancia na \u00e1rea da consultadoria e comercializa\u00e7\u00e3o de sistemas inform\u00e1ticos. Desde sempre, o seu core business tem estado centrado na presta\u00e7\u00e3o de servi\u00e7os inform\u00e1ticos a institui\u00e7\u00f5es de ensino. Conhecedora da realidade das Escolas em termos de recursos e necessidades, oferece um [&hellip;]<\/p>\n","protected":false},"author":1,"featured_media":0,"parent":0,"menu_order":0,"comment_status":"closed","ping_status":"closed","template":"","meta":{"footnotes":""},"class_list":["post-8","page","type-page","status-publish","hentry"],"_links":{"self":[{"href":"https:\/\/www.softmip.pt\/index.php?rest_route=\/wp\/v2\/pages\/8","targetHints":{"allow":["GET"]}}],"collection":[{"href":"https:\/\/www.softmip.pt\/index.php?rest_route=\/wp\/v2\/pages"}],"about":[{"href":"https:\/\/www.softmip.pt\/index.php?rest_route=\/wp\/v2\/types\/page"}],"author":[{"embeddable":true,"href":"https:\/\/www.softmip.pt\/index.php?rest_route=\/wp\/v2\/users\/1"}],"replies":[{"embeddable":true,"href":"https:\/\/www.softmip.pt\/index.php?rest_route=%2Fwp%2Fv2%2Fcomments&post=8"}],"version-history":[{"count":72,"href":"https:\/\/www.softmip.pt\/index.php?rest_route=\/wp\/v2\/pages\/8\/revisions"}],"predecessor-version":[{"id":133,"href":"https:\/\/www.softmip.pt\/index.php?rest_route=\/wp\/v2\/pages\/8\/revisions\/133"}],"wp:attachment":[{"href":"https:\/\/www.softmip.pt\/index.php?rest_route=%2Fwp%2Fv2%2Fmedia&parent=8"}],"curies":[{"name":"wp","href":"https:\/\/api.w.org\/{rel}","templated":true}]}}